{"id":3349,"date":"2024-02-19T20:16:46","date_gmt":"2024-02-19T20:16:46","guid":{"rendered":"http:\/\/cacrarquitectos.com\/arquitectas\/?page_id=3349"},"modified":"2025-05-28T15:05:41","modified_gmt":"2025-05-28T21:05:41","slug":"consultoria-diseno-y-construccion","status":"publish","type":"page","link":"https:\/\/cacrarquitectos.com\/arquitectas\/consultoria-diseno-y-construccion\/","title":{"rendered":"Consultor\u00eda, Dise\u00f1o y Construcci\u00f3n"},"content":{"rendered":"<div class=\"wpb-content-wrapper\"><p>[vc_row][vc_column width=\u00bb2\/3&#8243;]<div class=\"edgtf-section-title-holder consultoria edgtf-st-standard edgtf-st-title-left edgtf-st-normal-space  edgtf-st-title-underscore   edgtf-st-appear-fx\" >\n\t<div class=\"edgtf-st-inner\">\n\t\t\t\t\t<h2 class=\"edgtf-st-title\" >\n\t\t\t\t<span class=\"edgtf-st-title-inner\">Consultor\u00eda, Dise\u00f1o y Construcci\u00f3n<\/span>\n\t\t\t<\/h2>\n\t\t        \t\t\t<\/div>\n<\/div>[vc_empty_space height=\u00bb20px\u00bb][vc_column_text css=\u00bb\u00bb]Explore los aportes de las arquitectas costarricenses en Consultor\u00eda, Dise\u00f1o y Construcci\u00f3n de entornos arquitect\u00f3nicos.[\/vc_column_text][\/vc_column][vc_column width=\u00bb1\/3&#8243;][vc_single_image image=\u00bb3264&#8243; img_size=\u00bbmedium\u00bb alignment=\u00bbright\u00bb css=\u00bb\u00bb][\/vc_column][\/vc_row][vc_row][vc_column][vc_empty_space height=\u00bb60px\u00bb][\/vc_column][\/vc_row][vc_row row_content_width=\u00bbgrid\u00bb css=\u00bb.vc_custom_1741185556134{padding-bottom: 66px !important;}\u00bb][vc_column width=\u00bb1\/3&#8243;][vc_single_image image=\u00bb4332&#8243; img_size=\u00bbfull\u00bb css=\u00bb\u00bb][vc_column_text css=\u00bb\u00bb]<\/p>\n<h4 class=\"edgtf-team-name\">Arq. Ana Ulloa Dormond<\/h4>\n<p>[\/vc_column_text][vc_empty_space height=\u00bb30px\u00bb]<a itemprop=\"url\" href=\"http:\/\/cacrarquitectos.com\/arquitectas\/arq-ana-ulloa-dormond\" target=\"_self\" style=\"background-color: #99324f\" class=\"edgtf-btn edgtf-btn-medium edgtf-btn-solid\"  >\n    <span class=\"edgtf-btn-text\">CONOCER SU HISTORIA<\/span>\n    <\/a>[vc_empty_space height=\u00bb30px\u00bb][\/vc_column][vc_column width=\u00bb1\/3&#8243;][vc_single_image image=\u00bb4333&#8243; img_size=\u00bbfull\u00bb css=\u00bb\u00bb][vc_column_text css=\u00bb\u00bb]<\/p>\n<h4 class=\"edgtf-team-name\">Arq. Evangelina Quesada Corrales<\/h4>\n<p>[\/vc_column_text][vc_empty_space height=\u00bb30px\u00bb]<a itemprop=\"url\" href=\"http:\/\/cacrarquitectos.com\/arquitectas\/arq-evangelina-quesada-corrales\/\" target=\"_self\" style=\"background-color: #99324f\" class=\"edgtf-btn edgtf-btn-medium edgtf-btn-solid\"  >\n    <span class=\"edgtf-btn-text\">CONOCER SU HISTORIA<\/span>\n    <\/a>[vc_empty_space height=\u00bb30px\u00bb][\/vc_column][vc_column width=\u00bb1\/3&#8243;][vc_single_image image=\u00bb4334&#8243; img_size=\u00bbfull\u00bb css=\u00bb\u00bb][vc_column_text css=\u00bb\u00bb]<\/p>\n<h4 class=\"edgtf-team-name\">Arq. Fabiola Su\u00e1rez Matarrita<\/h4>\n<p>[\/vc_column_text][vc_empty_space height=\u00bb30px\u00bb]<a itemprop=\"url\" href=\"http:\/\/cacrarquitectos.com\/arquitectas\/arq-fabiola-suarez-matarrita\/\" target=\"_self\" style=\"background-color: #99324f\" class=\"edgtf-btn edgtf-btn-medium edgtf-btn-solid\"  >\n    <span class=\"edgtf-btn-text\">CONOCER SU HISTORIA<\/span>\n    <\/a>[vc_empty_space height=\u00bb30px\u00bb][\/vc_column][\/vc_row][vc_row row_content_width=\u00bbgrid\u00bb css=\u00bb.vc_custom_1741185568404{padding-bottom: 66px !important;}\u00bb][vc_column width=\u00bb1\/3&#8243;][vc_single_image image=\u00bb4336&#8243; img_size=\u00bbfull\u00bb css=\u00bb\u00bb][vc_column_text css=\u00bb\u00bb]<\/p>\n<h4 class=\"edgtf-team-name\">Arq. Laura Chaverri Flores<\/h4>\n<p>[\/vc_column_text][vc_empty_space height=\u00bb30px\u00bb]<a itemprop=\"url\" href=\"http:\/\/cacrarquitectos.com\/arquitectas\/arq-laura-chaverri-flores\/\" target=\"_self\" style=\"background-color: #99324f\" class=\"edgtf-btn edgtf-btn-medium edgtf-btn-solid\"  >\n    <span class=\"edgtf-btn-text\">CONOCER SU HISTORIA<\/span>\n    <\/a>[vc_empty_space height=\u00bb30px\u00bb][\/vc_column][vc_column width=\u00bb1\/3&#8243;][vc_single_image image=\u00bb4339&#8243; img_size=\u00bbfull\u00bb css=\u00bb\u00bb][vc_column_text css=\u00bb\u00bb]<\/p>\n<h4 class=\"edgtf-team-name\">Arq. Paula Sol\u00eds Vindas<\/h4>\n<p>[\/vc_column_text][vc_empty_space height=\u00bb30px\u00bb]<a itemprop=\"url\" href=\"http:\/\/cacrarquitectos.com\/arquitectas\/arq-paula-solis-vindas\/\" target=\"_self\" style=\"background-color: #99324f\" class=\"edgtf-btn edgtf-btn-medium edgtf-btn-solid\"  >\n    <span class=\"edgtf-btn-text\">CONOCER SU HISTORIA<\/span>\n    <\/a>[vc_empty_space height=\u00bb30px\u00bb][\/vc_column][vc_column width=\u00bb1\/3&#8243;][vc_single_image image=\u00bb4340&#8243; img_size=\u00bbfull\u00bb css=\u00bb\u00bb][vc_column_text css=\u00bb\u00bb]<\/p>\n<h4 class=\"edgtf-team-name\">Arq. Vanessa Dur\u00e1n Sanabria<\/h4>\n<p>[\/vc_column_text][vc_empty_space height=\u00bb30px\u00bb]<a itemprop=\"url\" href=\"http:\/\/cacrarquitectos.com\/arquitectas\/arq-vanessa-duran-sanabria\/\" target=\"_self\" style=\"background-color: #99324f\" class=\"edgtf-btn edgtf-btn-medium edgtf-btn-solid\"  >\n    <span class=\"edgtf-btn-text\">CONOCER SU HISTORIA<\/span>\n    <\/a>[vc_empty_space height=\u00bb30px\u00bb][\/vc_column][\/vc_row][vc_row row_content_width=\u00bbgrid\u00bb css=\u00bb.vc_custom_1519305651086{padding-bottom: 66px !important;}\u00bb][vc_column width=\u00bb1\/4&#8243;][vc_single_image image=\u00bb3145&#8243; img_size=\u00bbfull\u00bb css=\u00bb\u00bb][vc_column_text css=\u00bb\u00bb]<\/p>\n<h4 class=\"edgtf-team-name\">Arq. Julia van Wilpe<\/h4>\n<p>[\/vc_column_text][vc_empty_space height=\u00bb30px\u00bb]<a itemprop=\"url\" href=\"http:\/\/cacrarquitectos.com\/arquitectas\/arq-julia-van-wilpe\/\" target=\"_self\" style=\"background-color: #99324f\" class=\"edgtf-btn edgtf-btn-medium edgtf-btn-solid\"  >\n    <span class=\"edgtf-btn-text\">CONOCER SU HISTORIA<\/span>\n    <\/a>[vc_empty_space height=\u00bb30px\u00bb][\/vc_column][vc_column width=\u00bb1\/4&#8243;][vc_single_image image=\u00bb3221&#8243; img_size=\u00bbfull\u00bb css=\u00bb\u00bb][vc_column_text css=\u00bb\u00bb]<\/p>\n<h4 class=\"edgtf-team-name\">Arq. Isabel Ac\u00f3n Toy<\/h4>\n<p>[\/vc_column_text][vc_empty_space height=\u00bb30px\u00bb]<a itemprop=\"url\" href=\"http:\/\/cacrarquitectos.com\/arquitectas\/arq-isabel-acon-toy\/\" target=\"_self\" style=\"background-color: #99324f\" class=\"edgtf-btn edgtf-btn-medium edgtf-btn-solid\"  >\n    <span class=\"edgtf-btn-text\">CONOCER SU HISTORIA<\/span>\n    <\/a>[vc_empty_space height=\u00bb30px\u00bb][\/vc_column][vc_column width=\u00bb1\/4&#8243;][vc_single_image image=\u00bb3187&#8243; img_size=\u00bbfull\u00bb css=\u00bb\u00bb][vc_column_text css=\u00bb\u00bb]<\/p>\n<h4 class=\"edgtf-team-name\">Arq. Gloria Wang Wong<\/h4>\n<p>[\/vc_column_text][vc_empty_space height=\u00bb30px\u00bb]<a itemprop=\"url\" href=\"http:\/\/cacrarquitectos.com\/arquitectas\/arq-gloria-wang-wong\/\" target=\"_self\" style=\"background-color: #99324f\" class=\"edgtf-btn edgtf-btn-medium edgtf-btn-solid\"  >\n    <span class=\"edgtf-btn-text\">CONOCER SU HISTORIA<\/span>\n    <\/a>[vc_empty_space height=\u00bb30px\u00bb][\/vc_column][vc_column width=\u00bb1\/4&#8243;][vc_single_image image=\u00bb3239&#8243; img_size=\u00bbfull\u00bb css=\u00bb\u00bb][vc_column_text css=\u00bb\u00bb]<\/p>\n<h4 class=\"edgtf-team-name\">Arq. Jacqueline Gillet Rinaudo<\/h4>\n<p>[\/vc_column_text][vc_empty_space height=\u00bb30px\u00bb]<a itemprop=\"url\" href=\"http:\/\/cacrarquitectos.com\/arquitectas\/arq-jacqueline-gillet-rinaudo\/\" target=\"_self\" style=\"background-color: #99324f\" class=\"edgtf-btn edgtf-btn-medium edgtf-btn-solid\"  >\n    <span class=\"edgtf-btn-text\">CONOCER SU HISTORIA<\/span>\n    <\/a>[vc_empty_space height=\u00bb30px\u00bb][\/vc_column][\/vc_row]<\/p>\n<\/div>","protected":false},"excerpt":{"rendered":"<p>[vc_row][vc_column width=\u00bb2\/3&#8243;][vc_empty_space height=\u00bb20px\u00bb][vc_column_text css=\u00bb\u00bb]Explore los aportes de las arquitectas costarricenses en Consultor\u00eda, Dise\u00f1o y Construcci\u00f3n de entornos arquitect\u00f3nicos.[\/vc_column_text][\/vc_column][vc_column width=\u00bb1\/3&#8243;][vc_single_image image=\u00bb3264&#8243; img_size=\u00bbmedium\u00bb alignment=\u00bbright\u00bb css=\u00bb\u00bb][\/vc_column][\/vc_row][vc_row][vc_column][vc_empty_space height=\u00bb60px\u00bb][\/vc_column][\/vc_row][vc_row row_content_width=\u00bbgrid\u00bb css=\u00bb.vc_custom_1741185556134{padding-bottom: 66px !important;}\u00bb][vc_column width=\u00bb1\/3&#8243;][vc_single_image image=\u00bb4332&#8243; img_size=\u00bbfull\u00bb css=\u00bb\u00bb][vc_column_text css=\u00bb\u00bb] Arq. Ana Ulloa Dormond [\/vc_column_text][vc_empty_space height=\u00bb30px\u00bb][vc_empty_space height=\u00bb30px\u00bb][\/vc_column][vc_column width=\u00bb1\/3&#8243;][vc_single_image image=\u00bb4333&#8243; img_size=\u00bbfull\u00bb css=\u00bb\u00bb][vc_column_text css=\u00bb\u00bb] Arq. Evangelina Quesada Corrales [\/vc_column_text][vc_empty_space height=\u00bb30px\u00bb][vc_empty_space height=\u00bb30px\u00bb][\/vc_column][vc_column width=\u00bb1\/3&#8243;][vc_single_image image=\u00bb4334&#8243; img_size=\u00bbfull\u00bb css=\u00bb\u00bb][vc_column_text css=\u00bb\u00bb] Arq. Fabiola Su\u00e1rez Matarrita [\/vc_column_text][vc_empty_space height=\u00bb30px\u00bb][vc_empty_space height=\u00bb30px\u00bb][\/vc_column][\/vc_row][vc_row row_content_width=\u00bbgrid\u00bb css=\u00bb.vc_custom_1741185568404{padding-bottom: 66px !important;}\u00bb][vc_column width=\u00bb1\/3&#8243;][vc_single_image image=\u00bb4336&#8243; img_size=\u00bbfull\u00bb css=\u00bb\u00bb][vc_column_text css=\u00bb\u00bb] Arq. Laura Chaverri Flores [\/vc_column_text][vc_empty_space height=\u00bb30px\u00bb][vc_empty_space height=\u00bb30px\u00bb][\/vc_column][vc_column width=\u00bb1\/3&#8243;][vc_single_image image=\u00bb4339&#8243; img_size=\u00bbfull\u00bb css=\u00bb\u00bb][vc_column_text css=\u00bb\u00bb] Arq. Paula Sol\u00eds Vindas [\/vc_column_text][vc_empty_space height=\u00bb30px\u00bb][vc_empty_space height=\u00bb30px\u00bb][\/vc_column][vc_column width=\u00bb1\/3&#8243;][vc_single_image image=\u00bb4340&#8243; img_size=\u00bbfull\u00bb css=\u00bb\u00bb][vc_column_text css=\u00bb\u00bb] Arq. Vanessa Dur\u00e1n Sanabria [\/vc_column_text][vc_empty_space height=\u00bb30px\u00bb][vc_empty_space height=\u00bb30px\u00bb][\/vc_column][\/vc_row][vc_row row_content_width=\u00bbgrid\u00bb css=\u00bb.vc_custom_1519305651086{padding-bottom: 66px !important;}\u00bb][vc_column width=\u00bb1\/4&#8243;][vc_single_image image=\u00bb3145&#8243; img_size=\u00bbfull\u00bb css=\u00bb\u00bb][vc_column_text css=\u00bb\u00bb] Arq. Julia van Wilpe [\/vc_column_text][vc_empty_space height=\u00bb30px\u00bb][vc_empty_space height=\u00bb30px\u00bb][\/vc_column][vc_column width=\u00bb1\/4&#8243;][vc_single_image image=\u00bb3221&#8243; img_size=\u00bbfull\u00bb css=\u00bb\u00bb][vc_column_text css=\u00bb\u00bb] Arq. Isabel Ac\u00f3n Toy [\/vc_column_text][vc_empty_space height=\u00bb30px\u00bb][vc_empty_space height=\u00bb30px\u00bb][\/vc_column][vc_column width=\u00bb1\/4&#8243;][vc_single_image image=\u00bb3187&#8243; img_size=\u00bbfull\u00bb css=\u00bb\u00bb][vc_column_text css=\u00bb\u00bb] Arq. Gloria Wang Wong [\/vc_column_text][vc_empty_space height=\u00bb30px\u00bb][vc_empty_space height=\u00bb30px\u00bb][\/vc_column][vc_column width=\u00bb1\/4&#8243;][vc_single_image image=\u00bb3239&#8243; img_size=\u00bbfull\u00bb css=\u00bb\u00bb][vc_column_text css=\u00bb\u00bb] Arq. Jacqueline Gillet Rinaudo [\/vc_column_text][vc_empty_space height=\u00bb30px\u00bb][vc_empty_space height=\u00bb30px\u00bb][\/vc_column][\/vc_row]<\/p>\n","protected":false},"author":1,"featured_media":0,"parent":0,"menu_order":0,"comment_status":"closed","ping_status":"closed","template":"","meta":{"footnotes":""},"class_list":["post-3349","page","type-page","status-publish","hentry"],"aioseo_notices":[],"_links":{"self":[{"href":"https:\/\/cacrarquitectos.com\/arquitectas\/wp-json\/wp\/v2\/pages\/3349","targetHints":{"allow":["GET"]}}],"collection":[{"href":"https:\/\/cacrarquitectos.com\/arquitectas\/wp-json\/wp\/v2\/pages"}],"about":[{"href":"https:\/\/cacrarquitectos.com\/arquitectas\/wp-json\/wp\/v2\/types\/page"}],"author":[{"embeddable":true,"href":"https:\/\/cacrarquitectos.com\/arquitectas\/wp-json\/wp\/v2\/users\/1"}],"replies":[{"embeddable":true,"href":"https:\/\/cacrarquitectos.com\/arquitectas\/wp-json\/wp\/v2\/comments?post=3349"}],"version-history":[{"count":26,"href":"https:\/\/cacrarquitectos.com\/arquitectas\/wp-json\/wp\/v2\/pages\/3349\/revisions"}],"predecessor-version":[{"id":4590,"href":"https:\/\/cacrarquitectos.com\/arquitectas\/wp-json\/wp\/v2\/pages\/3349\/revisions\/4590"}],"wp:attachment":[{"href":"https:\/\/cacrarquitectos.com\/arquitectas\/wp-json\/wp\/v2\/media?parent=3349"}],"curies":[{"name":"wp","href":"https:\/\/api.w.org\/{rel}","templated":true}]}}