{"id":4317,"date":"2025-03-05T15:53:00","date_gmt":"2025-03-05T21:53:00","guid":{"rendered":"http:\/\/cacrarquitectos.com\/arquitectas\/?page_id=4317"},"modified":"2025-07-09T14:40:48","modified_gmt":"2025-07-09T20:40:48","slug":"arq-claudia-dobles-camargo","status":"publish","type":"page","link":"http:\/\/cacrarquitectos.com\/arquitectas\/arq-claudia-dobles-camargo\/","title":{"rendered":"Arq. Claudia Dobles Camargo"},"content":{"rendered":"<div class=\"wpb-content-wrapper\"><p>[vc_row][vc_column][vc_empty_space height=\u00bb100px\u00bb][\/vc_column][\/vc_row][vc_row css=\u00bb.vc_custom_1752073546447{background-position: center !important;background-repeat: no-repeat !important;background-size: cover !important;}\u00bb][vc_column width=\u00bb1\/4&#8243;][vc_single_image image=\u00bb4342&#8243; img_size=\u00bbfull\u00bb css=\u00bb.vc_custom_1752073618940{padding-top: 30px !important;padding-right: 30px !important;padding-bottom: 30px !important;padding-left: 30px !important;}\u00bb el_class=\u00bbarquitectas\u00bb][vc_column_text css=\u00bb\u00bb]<strong>Nombre completo:<\/strong> Claudia Dobles Camargo<\/p>\n<p><strong>Fecha y lugar de nacimiento:<\/strong> 19 de noviembre de 1980, San Carlos, Alajuela<\/p>\n<p><strong>A\u00f1o y casa de estudio:\u00a0 <\/strong><\/p>\n<ul>\n<li>Licenciada en Arquitectura, Universidad de Costa Rica.<\/li>\n<li>23\u2019 Loeb Fellow en Estudios Ambientales Avanzados, Harvard University<\/li>\n<li>25\u2019 MSc. en Planificaci\u00f3n y Estudios Urbanos, Massachusetts Institute of Tecnology (MIT)<\/li>\n<li>Ha participado en programas de sostenibilidad en la Universidad Kanto Gakuin en Jap\u00f3n.<\/li>\n<li>Actualmente se centra en investigaci\u00f3n en el Centro Norman B. Leventhal de Urbanismo Avanzado del MIT sobre la intersecci\u00f3n del cambio clim\u00e1tico y la IA.<\/li>\n<\/ul>\n<p>[\/vc_column_text][vc_empty_space height=\u00bb25px\u00bb]<div class=\"edgtf-section-title-holder  edgtf-st-standard edgtf-st-title-left edgtf-st-normal-space  edgtf-st-title-underscore   edgtf-st-appear-fx\" >\n\t<div class=\"edgtf-st-inner\">\n\t\t\t\t\t<h3 class=\"edgtf-st-title\" >\n\t\t\t\t<span class=\"edgtf-st-title-inner\">\u00c1reas de Aporte<\/span>\n\t\t\t<\/h3>\n\t\t        \t\t\t<\/div>\n<\/div>[vc_column_text css=\u00bb\u00bb]<a href=\"http:\/\/cacrarquitectos.com\/arquitectas\/participacion-gremial-e-institucional\/\"><strong>Participaci\u00f3n Gremial e Institucional<\/strong><\/a><\/p>\n<p><b>Urbanismo, Territorio y Espacio P\u00fablico<\/b>[\/vc_column_text][\/vc_column][vc_column width=\u00bb3\/4&#8243;]<h2 class=\"edgtf-custom-font-holder  edgtf-cf-8449 edgtf-cf-has-type-out \" style=\"font-size: 40px;line-height: 40px\" data-item-class=\"edgtf-cf-8449\" data-font-size-680=\"50px\" data-line-height-680=\"50px\">\n\tArq. <span class=\"edgtf-cf-typed-wrap\" style=\"color: #f04d4b\"><span class=\"edgtf-cf-typed\"><span class=\"edgtf-cf-typed-1\">Claudia Dobles Camargo<\/span><\/span><\/span><\/h2><div class=\"edgtf-section-title-holder  edgtf-st-standard edgtf-st-title-left edgtf-st-normal-space  edgtf-st-title-underscore   edgtf-st-appear-fx\" >\n\t<div class=\"edgtf-st-inner\">\n\t\t                    <span class=\"edgtf-st-subtitle\" style=\"font-size: 20px;margin-top: 13px\">\n                \u201cEl dise\u00f1o, el entorno construido y natural y las pol\u00edticas p\u00fablicas han definido mi camino, impuls\u00e1ndome a crear un futuro m\u00e1s justo y sostenible.\u201d            <\/span>\n        \t\t\t<\/div>\n<\/div>[vc_column_text css=\u00bb\u00bb]<\/p>\n<h4><strong>Trayectoria<\/strong><\/h4>\n<p>Se desempe\u00f1\u00f3 como Primera Dama de Costa Rica de 2018 a 2022, codirigiendo el Plan Nacional de Descarbonizaci\u00f3n junto al presidente. Durante su gesti\u00f3n, lider\u00f3 proyectos estrat\u00e9gicos de resiliencia y adaptaci\u00f3n, como la propuesta del \u201cTren El\u00e9ctrico de Pasajeros\u201d, una iniciativa de 82 kil\u00f3metros respaldada por el BCIE y el Fondo Verde del Clima, y el Proyecto de \u201cAbastecimiento de Agua para la Cuenca del Tempisque\u201d (PAACUME), la intervenci\u00f3n de adaptaci\u00f3n clim\u00e1tica m\u00e1s relevante del pa\u00eds.<\/p>\n<p>Sus logros incluyen la ampliaci\u00f3n del rol de la Primera Dama o Primer Caballero en Costa Rica, promoviendo su incidencia en pol\u00edticas p\u00fablicas, as\u00ed como su compromiso con la igualdad de g\u00e9nero y el empoderamiento de las mujeres.<\/p>\n<p>Antes de su labor en el gobierno, se desempe\u00f1\u00f3 como <strong>L\u00edder Regional<\/strong> en una firma multinacional de dise\u00f1o y como <strong>Directora Pa\u00eds<\/strong> de una firma de dise\u00f1o en Panam\u00e1, liderando y contribuyendo a proyectos de gran escala en Am\u00e9rica Latina, el Caribe y Estados Unidos.<\/p>\n<p>Actualmente, forma parte de un proyecto de investigaci\u00f3n del Schwarzman College of Computing del MIT, enfocado en Am\u00e9rica Latina, donde se analizan los posibles riesgos \u00e9ticos asociados al desarrollo y despliegue de inteligencia artificial en distintos escenarios, incluyendo Costa Rica.<\/p>\n<p>[\/vc_column_text][vc_empty_space height=\u00bb25px\u00bb][vc_tta_accordion active_section=\u00bb5&#8243; collapsible_all=\u00bbtrue\u00bb][vc_tta_section title=\u00bbPremios y Reconocimientos\u00bb tab_id=\u00bb1752093314132-7b8b117b-e1cd\u00bb][vc_column_text css=\u00bb\u00bb]<\/p>\n<ul>\n<li><strong>2019<\/strong>: La revista internacional <em>Fortune<\/em> la ubic\u00f3 en el puesto 15 de su lista de los 50 l\u00edderes m\u00e1s influyentes del mundo por su papel en el <strong>Plan Nacional de Descarbonizaci\u00f3n 2018-2050<\/strong>.<\/li>\n<li><strong>2018<\/strong>: Reconocida por el <strong>Colegio de Abogados y Abogadas de Costa Rica<\/strong> por su destacada participaci\u00f3n en el <strong>Congreso Ambiental\u2013Agrario: Oportunidades y Desaf\u00edos frente al Cambio Clim\u00e1tico<\/strong>.<\/li>\n<li><strong>2022<\/strong>: Seleccionada como becaria de la <strong>Loeb Fellowship<\/strong> de la <strong>Universidad de Harvard<\/strong>.<\/li>\n<li><strong>2024<\/strong>: Seleccionada del Grant<strong> SERC<\/strong> del <strong>Schwarzman College of Computing<\/strong> del <strong>MIT<\/strong><\/li>\n<\/ul>\n<p>[\/vc_column_text][\/vc_tta_section][vc_tta_section title=\u00bbPublicaciones Acad\u00e9micas\u00bb tab_id=\u00bb1752093456740-d251b791-7061&#8243;][vc_column_text css=\u00bb\u00bb]Dobles, C. (2024).\u00a0 Artificial Intelligence, The Next Challenge ReVista Harvard Review of Latin America<\/p>\n<p>Dobles, C. (2024).\u00a0 AI and the new Eternal Return. The Public Interest Technologist del MIT.<\/p>\n<p>Campos I. y Dobles, C. (2023). Estrategia de Vivienda Integral en Costa Rica \u00abPuente a la Comunidad, Proyecto Le\u00f3n XIII-La Arboleda. \u00a0Revista Vivienda <a href=\"https:\/\/www.linkedin.com\/company\/infonavit\/\">INFONAVIT<\/a>.[\/vc_column_text][\/vc_tta_section][\/vc_tta_accordion][vc_empty_space height=\u00bb25px\u00bb]<a itemprop=\"url\" href=\"#timeline\" target=\"_self\" style=\"color: #ffffff;background-color: #99324f\" class=\"edgtf-btn edgtf-btn-large edgtf-btn-solid edgtf-btn-icon\"  >\n    <span class=\"edgtf-btn-text\">CONOCER SU HISTORIA<\/span>\n    <i class=\"edgtf-icon-linea-icon icon-arrows-right \" ><\/i><\/a>[vc_empty_space height=\u00bb25px\u00bb][\/vc_column][\/vc_row][vc_row full_width=\u00bbstretch_row_content_no_spaces\u00bb][vc_column][vc_column_text]<span id=\"timeline\"><\/span>[\/vc_column_text][vc_column_text css=\u00bb\u00bb]\r\n<div class=\"container vertical-5 timeline-post-4352\" id=\"vertical-5\">\r\n\t<div class=\"timeline\">\r\n\t\t<div class=\"swiper-container\">\r\n\t\t\t<div class=\"swiper-wrapper\">\r\n\t\t\t\t\t\t\t\t<div class=\"swiper-slide\" style=\"background-image: url(http:\/\/cacrarquitectos.com\/arquitectas\/wp-content\/uploads\/2025\/02\/Claudia-1.jpg\" data-year=\"2006\">\r\n\t\t\t\t\t<div class=\"swiper-slide-content\">\r\n\t\t\t\t\t\t<span class=\"timeline-year timeline-info\">2006<\/span>\r\n\t\t\t\t\t\t<h4 class=\"timeline-title\">Arquitectura con visi\u00f3n global<\/h4>\r\n\t\t\t\t\t\t<p class=\"timeline-text\">Licenciada en Arquitectura por la UCR, complementa su formaci\u00f3n con estudios en planificaci\u00f3n urbana en Harvard y el MIT, y en sostenibilidad en Jap\u00f3n.<\/p>\r\n\t\t\t\t\t<\/div>\r\n\t\t\t\t<\/div>\r\n\t\t\t\t\t\t\t\t<div class=\"swiper-slide\" style=\"background-image: url(http:\/\/cacrarquitectos.com\/arquitectas\/wp-content\/uploads\/2025\/02\/Claudia-2.jpg\" data-year=\"2010\">\r\n\t\t\t\t\t<div class=\"swiper-slide-content\">\r\n\t\t\t\t\t\t<span class=\"timeline-year timeline-info\">2010<\/span>\r\n\t\t\t\t\t\t<h4 class=\"timeline-title\">Liderazgo en sostenibilidad y equidad<\/h4>\r\n\t\t\t\t\t\t<p class=\"timeline-text\">Como Primera Dama (2018-2022), impuls\u00f3 el Plan Nacional de Descarbonizaci\u00f3n y proyectos clave como el Tren El\u00e9ctrico, promoviendo igualdad de g\u00e9nero en pol\u00edticas p\u00fablicas.<\/p>\r\n\t\t\t\t\t<\/div>\r\n\t\t\t\t<\/div>\r\n\t\t\t\t\t\t\t\t<div class=\"swiper-slide\" style=\"background-image: url(http:\/\/cacrarquitectos.com\/arquitectas\/wp-content\/uploads\/2025\/02\/Claudia-3.jpg\" data-year=\"2011\">\r\n\t\t\t\t\t<div class=\"swiper-slide-content\">\r\n\t\t\t\t\t\t<span class=\"timeline-year timeline-info\">2011<\/span>\r\n\t\t\t\t\t\t<h4 class=\"timeline-title\">Dise\u00f1o y gesti\u00f3n regional<\/h4>\r\n\t\t\t\t\t\t<p class=\"timeline-text\">Antes del sector p\u00fablico, fue L\u00edder Regional en una firma multinacional y Directora Pa\u00eds en Panam\u00e1, gestionando proyectos de gran escala en Am\u00e9rica Latina, el Caribe y EE. UU.<\/p>\r\n\t\t\t\t\t<\/div>\r\n\t\t\t\t<\/div>\r\n\t\t\t\t\t\t\t\t<div class=\"swiper-slide\" style=\"background-image: url(http:\/\/cacrarquitectos.com\/arquitectas\/wp-content\/uploads\/2025\/02\/Claudia-4.jpg\" data-year=\"2018\">\r\n\t\t\t\t\t<div class=\"swiper-slide-content\">\r\n\t\t\t\t\t\t<span class=\"timeline-year timeline-info\">2018<\/span>\r\n\t\t\t\t\t\t<h4 class=\"timeline-title\">Inteligencia artificial y \u00e9tica<\/h4>\r\n\t\t\t\t\t\t<p class=\"timeline-text\">Investiga en el MIT los impactos de la IA en Am\u00e9rica Latina, analizando riesgos y oportunidades para la sociedad.<\/p>\r\n\t\t\t\t\t<\/div>\r\n\t\t\t\t<\/div>\r\n\t\t\t\t\t\t\t\t<div class=\"swiper-slide\" style=\"background-image: url(http:\/\/cacrarquitectos.com\/arquitectas\/wp-content\/uploads\/2025\/02\/Claudia-5.jpg\" data-year=\"2021\">\r\n\t\t\t\t\t<div class=\"swiper-slide-content\">\r\n\t\t\t\t\t\t<span class=\"timeline-year timeline-info\">2021<\/span>\r\n\t\t\t\t\t\t<h4 class=\"timeline-title\">Publicaciones y becas de excelencia<\/h4>\r\n\t\t\t\t\t\t<p class=\"timeline-text\">Ha publicado en revistas de Harvard y el MIT, y ha sido becaria en programas de urbanismo y tecnolog\u00eda, consolidando su trayectoria acad\u00e9mica.<\/p>\r\n\t\t\t\t\t<\/div>\r\n\t\t\t\t<\/div>\r\n\t\t\t\t\t\t\t<\/div>\r\n\t\t\t<div class=\"swiper-button-prev\"><\/div>\r\n\t\t\t<div class=\"swiper-button-next\"><\/div>\r\n\t\t\t<div class=\"swiper-pagination\"><\/div>\r\n\t\t<\/div>\r\n\t<\/div>\r\n<\/div>\r\n\r\n\r\n<script>\r\n(function ($) {\r\n\t'use strict';\r\n\r\n\t$(document).ready(function() {\r\n\t\tvar teamSwiper = new Swiper ('.vertical-5 .timeline .swiper-container', {\r\n\t\t  \tloop: false,\r\n\t\t  \tspeed: 1600,\r\n\t\t  \tpagination: {\r\n\t\t        el: '.swiper-pagination',\r\n\t\t        clickable: true,\r\n\t\t        renderBullet: function (index, className) {\r\n\t\t        \tconsole.log(index);\r\n\t    \t\t\tvar year = document.querySelectorAll('.swiper-slide')[index].getAttribute('data-year');\r\n\t\t          \treturn '<span class=\"' + className + '\">' + year + '<\/span>';\r\n\r\n\t\t        },\r\n\t\t      },\r\n\t\t  \tpaginationClickable: true,\r\n\t\t     navigation: {\r\n\t\t        nextEl: '.swiper-button-next',\r\n\t\t        prevEl: '.swiper-button-prev',\r\n\t\t      },\r\n\t\t  \tbreakpoints: {\r\n\t\t    \t768: {\r\n\t\t      \tdirection: 'horizontal',\r\n\t\t    \t},\r\n\t\t\t\t1024: {\r\n\t\t\t      direction: 'vertical',\r\n\t\t\t    }\r\n\t\t  \t}\r\n\t\t});\r\n\t});\r\n})( jQuery );\r\n<\/script>[\/vc_column_text][\/vc_column][\/vc_row]<\/p>\n<\/div>","protected":false},"excerpt":{"rendered":"<p>[vc_row][vc_column][vc_empty_space height=\u00bb100px\u00bb][\/vc_column][\/vc_row][vc_row css=\u00bb.vc_custom_1752073546447{background-position: center !important;background-repeat: no-repeat !important;background-size: cover !important;}\u00bb][vc_column width=\u00bb1\/4&#8243;][vc_single_image image=\u00bb4342&#8243; img_size=\u00bbfull\u00bb css=\u00bb.vc_custom_1752073618940{padding-top: 30px !important;padding-right: 30px !important;padding-bottom: 30px !important;padding-left: 30px !important;}\u00bb el_class=\u00bbarquitectas\u00bb][vc_column_text css=\u00bb\u00bb]Nombre completo: Claudia Dobles Camargo Fecha y lugar de nacimiento: 19 de noviembre de 1980, San Carlos, Alajuela A\u00f1o y casa de estudio:\u00a0 Licenciada en Arquitectura, Universidad de Costa Rica. 23\u2019 Loeb Fellow en Estudios Ambientales Avanzados, Harvard University 25\u2019 MSc. en Planificaci\u00f3n y Estudios Urbanos, Massachusetts Institute of Tecnology (MIT) Ha participado en programas de sostenibilidad en la Universidad Kanto Gakuin en Jap\u00f3n. Actualmente se centra en investigaci\u00f3n en el Centro Norman B. Leventhal de Urbanismo Avanzado del MIT sobre la intersecci\u00f3n del cambio clim\u00e1tico y la IA. [\/vc_column_text][vc_empty_space height=\u00bb25px\u00bb][vc_column_text css=\u00bb\u00bb]Participaci\u00f3n Gremial e Institucional Urbanismo, Territorio y Espacio P\u00fablico[\/vc_column_text][\/vc_column][vc_column width=\u00bb3\/4&#8243;][vc_column_text css=\u00bb\u00bb] Trayectoria Se desempe\u00f1\u00f3 como Primera Dama de Costa Rica de 2018 a 2022, codirigiendo el Plan Nacional de Descarbonizaci\u00f3n junto al presidente. Durante su gesti\u00f3n, lider\u00f3 proyectos estrat\u00e9gicos de resiliencia y adaptaci\u00f3n, como la propuesta del \u201cTren El\u00e9ctrico de Pasajeros\u201d, una iniciativa de 82 kil\u00f3metros respaldada por el BCIE y el Fondo Verde del Clima, y el Proyecto de \u201cAbastecimiento de Agua para la Cuenca del Tempisque\u201d (PAACUME), la intervenci\u00f3n de adaptaci\u00f3n clim\u00e1tica m\u00e1s relevante del [&hellip;]<\/p>\n","protected":false},"author":1,"featured_media":0,"parent":0,"menu_order":0,"comment_status":"closed","ping_status":"closed","template":"","meta":{"footnotes":""},"class_list":["post-4317","page","type-page","status-publish","hentry"],"aioseo_notices":[],"_links":{"self":[{"href":"http:\/\/cacrarquitectos.com\/arquitectas\/wp-json\/wp\/v2\/pages\/4317","targetHints":{"allow":["GET"]}}],"collection":[{"href":"http:\/\/cacrarquitectos.com\/arquitectas\/wp-json\/wp\/v2\/pages"}],"about":[{"href":"http:\/\/cacrarquitectos.com\/arquitectas\/wp-json\/wp\/v2\/types\/page"}],"author":[{"embeddable":true,"href":"http:\/\/cacrarquitectos.com\/arquitectas\/wp-json\/wp\/v2\/users\/1"}],"replies":[{"embeddable":true,"href":"http:\/\/cacrarquitectos.com\/arquitectas\/wp-json\/wp\/v2\/comments?post=4317"}],"version-history":[{"count":17,"href":"http:\/\/cacrarquitectos.com\/arquitectas\/wp-json\/wp\/v2\/pages\/4317\/revisions"}],"predecessor-version":[{"id":4684,"href":"http:\/\/cacrarquitectos.com\/arquitectas\/wp-json\/wp\/v2\/pages\/4317\/revisions\/4684"}],"wp:attachment":[{"href":"http:\/\/cacrarquitectos.com\/arquitectas\/wp-json\/wp\/v2\/media?parent=4317"}],"curies":[{"name":"wp","href":"https:\/\/api.w.org\/{rel}","templated":true}]}}